{"id":1423,"date":"2019-09-06T15:59:04","date_gmt":"2019-09-06T15:59:04","guid":{"rendered":"https:\/\/afiador.pt\/?post_type=product&#038;p=1423"},"modified":"2019-09-09T19:08:43","modified_gmt":"2019-09-09T18:08:43","slug":"alicate-de-cuticula-777-mundial-ja-afiado","status":"publish","type":"product","link":"https:\/\/afiador.pt\/?product=alicate-de-cuticula-777-mundial-ja-afiado","title":{"rendered":"Alicate de Cut\u00edcula 777 Mundial j\u00e1 Afiado"},"content":{"rendered":"<p>Compre o seu Alicate Mundial de Cut\u00edcula 777 j\u00e1 Afiado<\/p>\n","protected":false},"excerpt":{"rendered":"<p>Compre o seu Alicate Mundial de Cut\u00edcula 777 j\u00e1 Afiado<\/p>\n","protected":false},"featured_media":1466,"comment_status":"open","ping_status":"closed","template":"","meta":[],"product_brand":[],"product_cat":[34],"product_tag":[],"class_list":{"0":"post-1423","1":"product","2":"type-product","3":"status-publish","4":"has-post-thumbnail","6":"product_cat-alicate","8":"first","9":"instock","10":"shipping-taxable","11":"purchasable","12":"product-type-simple","13":"customify-col","14":"product-has-gallery"},"_links":{"self":[{"href":"https:\/\/afiador.pt\/index.php?rest_route=\/wp\/v2\/product\/1423","targetHints":{"allow":["GET"]}}],"collection":[{"href":"https:\/\/afiador.pt\/index.php?rest_route=\/wp\/v2\/product"}],"about":[{"href":"https:\/\/afiador.pt\/index.php?rest_route=\/wp\/v2\/types\/product"}],"replies":[{"embeddable":true,"href":"https:\/\/afiador.pt\/index.php?rest_route=%2Fwp%2Fv2%2Fcomments&post=1423"}],"wp:featuredmedia":[{"embeddable":true,"href":"https:\/\/afiador.pt\/index.php?rest_route=\/wp\/v2\/media\/1466"}],"wp:attachment":[{"href":"https:\/\/afiador.pt\/index.php?rest_route=%2Fwp%2Fv2%2Fmedia&parent=1423"}],"wp:term":[{"taxonomy":"product_brand","embeddable":true,"href":"https:\/\/afiador.pt\/index.php?rest_route=%2Fwp%2Fv2%2Fproduct_brand&post=1423"},{"taxonomy":"product_cat","embeddable":true,"href":"https:\/\/afiador.pt\/index.php?rest_route=%2Fwp%2Fv2%2Fproduct_cat&post=1423"},{"taxonomy":"product_tag","embeddable":true,"href":"https:\/\/afiador.pt\/index.php?rest_route=%2Fwp%2Fv2%2Fproduct_tag&post=1423"}],"curies":[{"name":"wp","href":"https:\/\/api.w.org\/{rel}","templated":true}]}}